 + 239, j + 27 = 2*j + 5*w. List the prime factors of j.
47
Suppose -37*q + 41*q - 496 = 0. List the prime factors of q.
2, 31
Suppose -15 = -4*n - 3*o - 4, 2 = 3*n + o. Let g be 4 - -1 - (1 - n). What are the prime factors of (-6)/8*(-15 + g)?
3
Let a = 4 + 0. What are the prime factors of a?
2
Suppose -2*k = -5*x + 2*x + 157, 0 = -5*x + 3*k + 260. Let p = x + -33. What are the prime factors of p?
2
What are the prime factors of 7/(-7)*23/(-1)?
23
Let l = -9 - -14. Suppose -2*x + x + l = 0. Suppose 10 = h - x*d, -4*h + 4*d = d - 23. List the prime factors of h.
5
Let b = -42 - -114. Let v = 110 - b. List the prime factors of v.
2, 19
Let v(s) = s**3 + 5*s**2 + 5*s + 6. Let i be v(-4). Suppose 2*o = -3*b + 52, 0*o - i*b + 25 = o. List the prime factors of o.
29
Let p(v) = 40*v - 18. List the prime factors of p(5).
2, 7, 13
Suppose -2*l + 1 = -5. What are the prime factors of (884/(-39))/((-2)/l)?
2, 17
Let x(r) = -4*r + 1. Let m = 66 - 40. Suppose -m = 4*d - 10. What are the prime factors of x(d)?
17
Let x = 25 - 18. What are the prime factors of x?
7
Suppose -t + 18 + 12 = 5*c, 0 = 2*t + c - 33. What are the prime factors of t?
3, 5
Let y be 46/10 - (-8)/20. Suppose 19 = 3*b - y. List the prime factors of b.
2
Let r(t) = -t**3 - 17*t**2 - 4*t - 9. List the prime factors of r(-17).
59
Let d(o) = o**2 + 13*o + 13. Suppose 0 = -4*b - 3*k - 63, 0*b + k + 31 = -2*b. What are the prime factors of d(b)?
43
Suppose 3*k = 2*k + 18. List the prime factors of k.
2, 3
Let f be (-27)/1*(-5)/15. Let u = f + -2. What are the prime factors of u?
7
List the prime factors of (145/10)/((-3)/(-6)).
29
Let u(t) = t**3 - 6*t**2 - 11*t + 8. List the prime factors of u(8).
2, 3
Let j(c) = 45*c - 3. What are the prime factors of j(4)?
3, 59
Suppose 0 = 5*f - 12 + 32. Let s(v) = -v**3 - 18*v**2 + 19*v + 1. Let h be s(-19). Let t = h - f. What are the prime factors of t?
5
Suppose 0 = -5*y + 5*a + 560, -2*y - 3*a + 0*a + 249 = 0. List the prime factors of y.
3, 13
Let j = 51 + -12. What are the prime factors of j?
3, 13
List the prime factors of 10 - (-2 + 3 + 1).
2
Suppose c + 0*x + 7 = -4*x, 5*c + 3 = -4*x. Let o be (0 - c)/1 + 20. Let w = o + -4. What are the prime factors of w?
3, 5
Suppose -3*r + 186 - 48 = 0. List the prime factors of r.
2, 23
Let y = 222 + -130. List the prime factors of y.
2, 23
Let d(v) = -v**2 - 2*v + 9. Let r be d(4). What are the prime factors of 56/5*r/(-6)?
2, 7
Suppose 0 = -5*i - 0*i - 4*n + 196, 4*n = 5*i - 164. What are the prime factors of i?
2, 3
Suppose -4*r + 16 = 4*i, -r = r + 5*i - 8. Suppose 0 = 4*l + 4*n + 2 + 54, -5*l = -r*n + 88. Let x = -9 - l. What are the prime factors of x?
7
Let o(a) = a + 3. Let b be ((0/(-1))/1)/(-1). Suppose 3*p + 0*p = b. List the prime factors of o(p).
3
Let h = 332 - 106. Suppose -4*j + k + h = 0, -4*j = 3*k - 63 - 155. What are the prime factors of j?
2, 7
Suppose -3*a = -4*c - 39, 2*c + 27 = a + 8. Let k(v) = -v**2 - 9*v - 1. Let w be k(c). List the prime factors of 2*w - (-9 - -1).
2, 3
Suppose -1 = y - 9. Let d be (-1)/2 + 172/y. Let i = -13 + d. What are the prime factors of i?
2
Let m = -46 - -104. List the prime factors of m.
2, 29
Let q(s) = -2*s**3 - 11*s**2 - 17*s + 4. What are the prime factors of q(-7)?
2, 3, 5
Suppose -54 = -t + 5*h, 0 = -5*t - 3*h - 104 + 374. What are the prime factors of t?
2, 3
Suppose -5*l - 66 = -2*l. Let y = -9 - l. What are the prime factors of y?
13
Let o be (2 + (-6)/4)*0. What are the prime factors of 4 - 2 - o - -12?
2, 7
Let p = 6 + -2. Suppose p*k - 45 = 19. List the prime factors of k.
2
Let k = 27 + -48. Let g = 34 + k. What are the prime factors of g?
13
Suppose -5*n - 7 = 3. What are the prime factors of (-5 - n)*41/(-3)?
41
Let x(y) = -y + 3. Let u be x(-5). Let t be -2*2/(u/10). List the prime factors of (-3)/t + 144/10.
3, 5
Let y be 58/4 + 1/(-2). Suppose 2*z = y - 0. What are the prime factors of z?
7
Suppose 18 = -2*p + 88. What are the prime factors of p?
5, 7
Let u(f) = 43*f**2 + f - 1. Let t be u(1). Let j = t - 13. List the prime factors of j.
2, 3, 5
Let l = 30 + -7. Let t = l + -15. What are the prime factors of t?
2
Suppose 5*l + 105 = 5*x, -2*l + x = 16 + 26. List the prime factors of 6/(-14) - 681/l.
2
Suppose 2*w - 7*w = -25. Suppose -2*m = 2*q - 4*m - 10, -5*m = 5*q - w. Suppose -q*r + 5*i + 56 = 0, 4*i = -3*r + 14 + 6. List the prime factors of r.
2, 3
Let f = -15 + 26. What are the prime factors of f?
11
Let u = -88 - -148. What are the prime factors of u?
2, 3, 5
Let t = 11 - -55. Suppose l = 5*u + 11 + 18, -5*u = 4*l - t. What are the prime factors of l?
19
Let r be 6/(-4)*48/18. Let k(m) = -5*m**2 + 3*m + 9. Let n(w) = -4*w**2 + 4*w + 8. Let s(b) = 5*k(b) - 6*n(b). List the prime factors of s(r).
17
Let l = 2 + -2. Let y = l - 28. Let q = 42 + y. List the prime factors of q.
2, 7
Let b(c) = c**2 - 2*c + 1. Let z = 6 + -3. Let a be b(z). Suppose 58 = a*k + 14. List the prime factors of k.
11
Suppose 4*f - 8 = 0, -3*a - f = -61 + 20. What are the prime factors of a?
13
Let i(m) = -6*m - 8. List the prime factors of i(-13).
2, 5, 7
Let c(r) be the third derivative of r**7/2520 - r**6/80 - r**5/20 + 3*r**2. Let h(l) be the third derivative of c(l). List the prime factors of h(6).
3
Let q be (-2)/(-2) - (-1 - 2). Suppose -s + 14 = -q. List the prime factors of s.
2, 3
Suppose 5*k + 3*i + 0*i - 1041 = 0, 3*i = 4*k - 849. What are the prime factors of k?
2, 3, 5, 7
Suppose 0 = 2*x + 4*v - 304, x - 157 = -0*v - v. What are the prime factors of x?
2, 3
Let c(y) = 16*y - 1. Let q be c(1). Suppose -5*d - 17 = -2. Let o = q + d. List the prime factors of o.
2, 3
Suppose -2*h - 12 = -6*h. Let w be 54/(-72) + (-30)/(-8). Suppose 0 = w*q + 3*c - 6, h*q + 0*c = 3*c + 36. List the prime factors of q.
7
Suppose 2*m + 4 = 14. What are the prime factors of m?
5
Let f = -9 - -15. List the prime factors of f.
2, 3
Let i = -9 - -16. Let k = i + 23. List the prime factors of k.
2, 3, 5
Let u = 25 + -17. Let j = -4 + u. Suppose j*k = -0 + 8. List the prime factors of k.
2
Suppose 0 = -3*t - 4 + 7. Suppose -d + t = -3. What are the prime factors of d?
2
List the prime factors of (-4)/(-1)*(-4 + 250/5).
2, 23
Let g(u) be the first derivative of -u**4/4 - u**3 + 5*u**2/2 + 6*u - 6. Let i be 6*-1 + 8/4. List the prime factors of g(i).
2
Suppose 0 = -2*y + 3*p + 2*p + 32, -80 = -5*y - 4*p. Suppose a = -a + y. What are the prime factors of a?
2
Suppose b + b - 125 = -3*j, 5*j + 4*b - 205 = 0. Suppose -t + 6*t - j = 0. Suppose 4*z - 5*x = -0*z - t, 5*z = -5*x + 45. What are the prime factors of z?
2
Let q(l) be the first derivative of -7*l**2/2 - 2*l + 2. Let u(x) = 2*x. Let t be u(-1). List the prime factors of q(t).
2, 3
Suppose 0*i = 5*i - 15. Suppose -25 = -i*o - 5*v, 4*v - 20 = -o - 4*o. Suppose 0*b + 17 = 3*c - 2*b, o = b + 1. List the prime factors of c.
5
Suppose 0 = -4*j - 0*j + 128. Suppose -4*s - y + 128 = s, -s + 3*y = -j. What are the prime factors of s?
2, 13
Suppose -3*x - 5*o + 136 = 0, -o + 20 = 3*o. Suppose 0 = -s - 3*t + 23 - 5, 4*s - x = -5*t. What are the prime factors of s?
3
Let c be (1*(1 + 126))/1. Let x = c - 90. What are the prime factors of x?
37
Suppose -2*l - 24 = -3*l. Suppose 0*j + 10 = 2*j. Suppose j*g = g + l. What are the prime factors of g?
2, 3
Let y = -4 + 4. List the prime factors of 26/(-2*(y + -1)).
13
Let p(l) = -l**3 - l**2 + 3*l + 9. What are the prime factors of p(-5)?
2, 47
Let b(p) = -2*p**3 + 5*p**2 - p - 3. Let t(m) = -3*m**3 + 8*m**2 - 2*m - 4. Let x(v) = 7*b(v) - 5*t(v). List the prime factors of x(5).
2, 7
Let i be -1 + -1*(1 - 0). Let s = 19 + i. List the prime factors of s.
17
Suppose -4*f + 10 = -2*f. Suppose 0 = -4*h - d - 22, -3*h = -f*d + 18 + 10. List the prime factors of (9/h)/((-1)/2).
3
Let v = -82 - -301. What are the prime factors of v?
3, 73
Let z(t) = -5 - 3*t**2 + 5*t**2 + 11*t + 0*t**2 - 3*t**2. What are the prime factors of z(4)?
23
Let b be 6*-3*(-3)/27. Suppose b*q = -q + 57. List the prime factors of q.
19
Let k be (-2 - 1) + (1 - 0). List the prime factors of (k/(-2) + 0)*3.
3
Let d(r) = 0 - 8*r + 3 + 2*r**2 + r**2 - 4*r**2. Let l be d(-8). Let m = 4 + l. List the prime factors of m.
7
Suppose 8 = 7*v - 9*v. Let f be (-2)/(-7) - 116/14. Let c = v - f. What are the prime factors of c?
